{"id":2,"date":"2016-05-10T03:48:21","date_gmt":"2016-05-10T03:48:21","guid":{"rendered":"https:\/\/cvjm-bornich.de\/?page_id=2"},"modified":"2026-01-31T12:42:55","modified_gmt":"2026-01-31T12:42:55","slug":"sample-page","status":"publish","type":"page","link":"https:\/\/cvjm-bornich.de\/","title":{"rendered":"Startseite"},"content":{"rendered":"\n<h2>Herzlich Willkommen<\/h2>\n\n\n\n<p>auf der Website des CVJM Bornich e. V.<\/p>\n\n\n\n<div class=\"is-layout-flex wp-container-5 wp-block-columns\">\n<div class=\"is-layout-flow wp-block-column\">\n<h3>Was wir machen&#8230;<\/h3>\n\n\n\n<p>Der CVJM Bornich bietet verschiedene Gruppenstunden an.<\/p>\n\n\n\n<div class=\"is-layout-flex wp-block-buttons\">\n<div class=\"wp-block-button\"><a class=\"wp-block-button__link has-background wp-element-button\" href=\"https:\/\/cvjm-bornich.de\/?page_id=20\" style=\"background:linear-gradient(135deg,rgb(255,0,76) 0%,rgb(58,0,17) 100%)\">Mehr erfahren<\/a><\/div>\n<\/div>\n<\/div>\n\n\n\n<div class=\"is-layout-flow wp-block-column\">\n<h3>Wer wir sind&#8230;<\/h3>\n\n\n\n<p>Wir sind ein christlicher Verein in der Loreleygemeinde Bornich.<\/p>\n\n\n\n<div class=\"is-layout-flex wp-block-buttons\">\n<div class=\"wp-block-button is-style-fill\"><a class=\"wp-block-button__link has-white-color has-text-color has-background wp-element-button\" href=\"https:\/\/cvjm-bornich.de\/?page_id=17\" style=\"border-radius:50px;background:linear-gradient(135deg,rgb(255,0,76) 0%,rgb(58,0,17) 100%)\">Mehr erfahren<\/a><\/div>\n<\/div>\n<\/div>\n<\/div>\n\n\n\n<hr class=\"wp-block-separator has-alpha-channel-opacity\"\/>\n\n\n\n<figure class=\"wp-block-image size-large is-resized\"><img decoding=\"async\" loading=\"lazy\" src=\"https:\/\/cvjm-bornich.de\/wp-content\/uploads\/2026\/01\/Spendendank-KIndernothilfe-742x1024.jpeg\" alt=\"\" class=\"wp-image-424\" width=\"742\" height=\"1024\" srcset=\"https:\/\/cvjm-bornich.de\/wp-content\/uploads\/2026\/01\/Spendendank-KIndernothilfe-742x1024.jpeg 742w, https:\/\/cvjm-bornich.de\/wp-content\/uploads\/2026\/01\/Spendendank-KIndernothilfe-217x300.jpeg 217w, https:\/\/cvjm-bornich.de\/wp-content\/uploads\/2026\/01\/Spendendank-KIndernothilfe-768x1060.jpeg 768w, https:\/\/cvjm-bornich.de\/wp-content\/uploads\/2026\/01\/Spendendank-KIndernothilfe-1113x1536.jpeg 1113w, https:\/\/cvjm-bornich.de\/wp-content\/uploads\/2026\/01\/Spendendank-KIndernothilfe-1484x2048.jpeg 1484w, https:\/\/cvjm-bornich.de\/wp-content\/uploads\/2026\/01\/Spendendank-KIndernothilfe.jpeg 1700w\" sizes=\"(max-width: 742px) 100vw, 742px\" \/><\/figure>\n\n\n\n<hr class=\"wp-block-separator has-alpha-channel-opacity\"\/>\n\n\n\n<figure class=\"wp-block-image size-large\"><img decoding=\"async\" loading=\"lazy\" width=\"768\" height=\"1024\" src=\"https:\/\/cvjm-bornich.de\/wp-content\/uploads\/2026\/01\/Gruppenstunden-2026-01-768x1024.jpg\" alt=\"\" class=\"wp-image-418\" srcset=\"https:\/\/cvjm-bornich.de\/wp-content\/uploads\/2026\/01\/Gruppenstunden-2026-01-768x1024.jpg 768w, https:\/\/cvjm-bornich.de\/wp-content\/uploads\/2026\/01\/Gruppenstunden-2026-01-225x300.jpg 225w, https:\/\/cvjm-bornich.de\/wp-content\/uploads\/2026\/01\/Gruppenstunden-2026-01.jpg 1050w\" sizes=\"(max-width: 768px) 100vw, 768px\" \/><figcaption class=\"wp-element-caption\">Die neuen Jungschartermine f\u00fcr das Jahr 2026. Lediglich die Zeiten haben sich ge\u00e4ndert. Fortan treffen wir uns 14-t\u00e4gig von 16-18 Uhr im Rathaus.<\/figcaption><\/figure>\n\n\n\n<h2>Jahreshauptversammlung 2025<\/h2>\n\n\n\n<p>Liebe Mitglieder im CVJM Bornich e.V., liebe Angeh\u00f6rige und Freunde,<\/p>\n\n\n\n<p>hiermit lade ich Euch ein zur Mitglieder- und Jahreshauptversammlung 2025 mit Abendessen<\/p>\n\n\n\n<p><strong>am Freitag, 23.05.2025, um 19:30 Uhr im Gemeinderaum des Pfarrhauses<\/strong><\/p>\n\n\n\n<p>Tagesordnung:<\/p>\n\n\n\n<ol type=\"1\" start=\"1\">\n<li>Begr\u00fc\u00dfung<\/li>\n\n\n\n<li>Andacht<\/li>\n\n\n\n<li>Genehmigung des Protokolls der JHV 2024, es ist der Einladung beigef\u00fcgt<\/li>\n\n\n\n<li>Berichte<\/li>\n<\/ol>\n\n\n\n<ul>\n<li>Vorsitzende<\/li>\n\n\n\n<li>Jungschar<\/li>\n<\/ul>\n\n\n\n<ul>\n<li>Kassenf\u00fchrerin<\/li>\n\n\n\n<li>Kassenpr\u00fcfer\/in<\/li>\n<\/ul>\n\n\n\n<ol type=\"1\" start=\"5\">\n<li>Entlastung des Vorstandes<\/li>\n\n\n\n<li>Wahlen<\/li>\n<\/ol>\n\n\n\n<ul>\n<li>1. Vorsitzende\/r<\/li>\n\n\n\n<li>Kassenwart\/in<\/li>\n\n\n\n<li>Kassenpr\u00fcfer\/in<\/li>\n\n\n\n<li>Kreisvertreter\/in<\/li>\n<\/ul>\n\n\n\n<ol type=\"1\" start=\"7\">\n<li>Beschluss des Vorstands zum Pr\u00e4ventions- und Gewaltschutzkonzept<\/li>\n\n\n\n<li>Beschluss der Mitgliederversammlung: Satzungserg\u00e4nzung zur Gewaltpr\u00e4vention<\/li>\n<\/ol>\n\n\n\n<p>9.&nbsp;&nbsp; Beratung und Beschlussfassung: Ehrenamtspauschale f\u00fcr die Leitung der Jungschar<\/p>\n\n\n\n<p>10. Planung und Verschiedenes<\/p>\n\n\n\n<p>Hinweis: Der j\u00e4hrliche Mitgliedsbeitrag wurde per SEPA-Lastschrift unter der Gl\u00e4ubiger-ID: DE11ZZZ00000203277 eingezogen, dies erfolgt im n\u00e4chsten Jahr im Mai 2026.<\/p>\n\n\n\n<p>Ich gr\u00fc\u00dfe Euch herzlich mit dem Monatsspruch f\u00fcr den Monat Mai:&nbsp;&nbsp;&nbsp;&nbsp;&nbsp;&nbsp;&nbsp;&nbsp;&nbsp;&nbsp;&nbsp;&nbsp;&nbsp;&nbsp;&nbsp;&nbsp;&nbsp;&nbsp;&nbsp;&nbsp;&nbsp;&nbsp;&nbsp;&nbsp;&nbsp;&nbsp;&nbsp;&nbsp;&nbsp;&nbsp;&nbsp;&nbsp;&nbsp;&nbsp;&nbsp;&nbsp;&nbsp;&nbsp;&nbsp;&nbsp;&nbsp;&nbsp;&nbsp;&nbsp;&nbsp;&nbsp;&nbsp;&nbsp;&nbsp;&nbsp;&nbsp;&nbsp;&nbsp;&nbsp;&nbsp;&nbsp;&nbsp;&nbsp;&nbsp;&nbsp;&nbsp;&nbsp;&nbsp;&nbsp;&nbsp;&nbsp;&nbsp;&nbsp;&nbsp;&nbsp;&nbsp;&nbsp;&nbsp;&nbsp;&nbsp;&nbsp;&nbsp;&nbsp;&nbsp;&nbsp;&nbsp;&nbsp;&nbsp;&nbsp;&nbsp;&nbsp;&nbsp;&nbsp;&nbsp;&nbsp;&nbsp;&nbsp;&nbsp;&nbsp;&nbsp;&nbsp;&nbsp;&nbsp;&nbsp;&nbsp;&nbsp;&nbsp;&nbsp;&nbsp;&nbsp;&nbsp;&nbsp;&nbsp;&nbsp;&nbsp;&nbsp;&nbsp;&nbsp;&nbsp;&nbsp;&nbsp;&nbsp;&nbsp;&nbsp;&nbsp;&nbsp;&nbsp;&nbsp;&nbsp;&nbsp;&nbsp;&nbsp;&nbsp;&nbsp;&nbsp;&nbsp;&nbsp;&nbsp;&nbsp;&nbsp;&nbsp;&nbsp;&nbsp;&nbsp;&nbsp;&nbsp;&nbsp;&nbsp;&nbsp;&nbsp;&nbsp;&nbsp;&nbsp;<\/p>\n\n\n\n<p><strong><em>Zu dir rufe ich, Herr<\/em><\/strong><em>; denn Feuer hat das Gras der Steppe gefressen, die Flammen haben alle B\u00e4ume auf dem Feld verbrannt. Auch die Tiere auf dem Feld schreien lechzend zu dir; denn die B\u00e4che sind vertrocknet. (Joel 1,19-20)<\/em><\/p>\n\n\n\n<p>Eure<\/p>\n\n\n\n<figure class=\"wp-block-image size-full\"><img decoding=\"async\" loading=\"lazy\" width=\"154\" height=\"37\" src=\"https:\/\/cvjm-bornich.de\/wp-content\/uploads\/2025\/05\/image.jpg\" alt=\"\" class=\"wp-image-414\" srcset=\"https:\/\/cvjm-bornich.de\/wp-content\/uploads\/2025\/05\/image.jpg 154w, https:\/\/cvjm-bornich.de\/wp-content\/uploads\/2025\/05\/image-150x37.jpg 150w\" sizes=\"(max-width: 154px) 100vw, 154px\" \/><\/figure>\n\n\n\n<p>Regina Br\u00fcckner, 1. Vorsitzende&nbsp;&nbsp;&nbsp;&nbsp;&nbsp;&nbsp;&nbsp;&nbsp;&nbsp;&nbsp;&nbsp;&nbsp;&nbsp;&nbsp;&nbsp;&nbsp;&nbsp;&nbsp;&nbsp;&nbsp;&nbsp;&nbsp;&nbsp;&nbsp;&nbsp;&nbsp;&nbsp;&nbsp;&nbsp;&nbsp;&nbsp;&nbsp;&nbsp;&nbsp;&nbsp;&nbsp;&nbsp;&nbsp;&nbsp;&nbsp;&nbsp;&nbsp;&nbsp;&nbsp;&nbsp;&nbsp;&nbsp;&nbsp;&nbsp;&nbsp;&nbsp;&nbsp;&nbsp;&nbsp;&nbsp;<\/p>\n\n\n\n<h2>Jungschartermine<\/h2>\n\n\n\n<figure class=\"wp-block-image size-large\"><img decoding=\"async\" loading=\"lazy\" width=\"768\" height=\"1024\" src=\"https:\/\/cvjm-bornich.de\/wp-content\/uploads\/2025\/04\/Gruppenstunden-2025-02-768x1024.jpg\" alt=\"\" class=\"wp-image-394\" srcset=\"https:\/\/cvjm-bornich.de\/wp-content\/uploads\/2025\/04\/Gruppenstunden-2025-02-768x1024.jpg 768w, https:\/\/cvjm-bornich.de\/wp-content\/uploads\/2025\/04\/Gruppenstunden-2025-02-225x300.jpg 225w, https:\/\/cvjm-bornich.de\/wp-content\/uploads\/2025\/04\/Gruppenstunden-2025-02.jpg 1050w\" sizes=\"(max-width: 768px) 100vw, 768px\" \/><\/figure>\n\n\n\n<p class=\"has-text-align-center\">Die Jungschartermine sind alle unter Vorbehalt. Je nach beruflicher Termin\u00fcberschneidungen k\u00f6nnen Verschiebungen und Absagen von Jungscharstunden m\u00f6glich sein. <\/p>\n\n\n\n<hr class=\"wp-block-separator has-alpha-channel-opacity\"\/>\n\n\n\n<p><\/p>\n\n\n\n<h2>Unser Stand am Fr\u00fchjahrsmarkt 2025 in Bornich<\/h2>\n\n\n\n<p class=\"has-text-align-center\">Besucht gerne unser Stand am Fr\u00fchjahrsmarkt in Bornich am 26.04.2025 in der Kauber Stra\u00dfe vor dem Spielplatz. Bei uns erwarten euch leckere Waffeln (auch unsere beliebten XXL-Feuerwaffeln sind wieder am Start!), eiskaltes Slusheis und Spiel und Spa\u00df mit dem Spielmobil!<\/p>\n\n\n\n<hr class=\"wp-block-separator has-alpha-channel-opacity\"\/>\n\n\n\n<h2>Jugger-Turnier f\u00fcr Jungscharler und Teens 2025<\/h2>\n\n\n\n<figure class=\"wp-block-embed is-type-video is-provider-youtube wp-block-embed-youtube wp-embed-aspect-16-9 wp-has-aspect-ratio\"><div class=\"wp-block-embed__wrapper\">\n<iframe loading=\"lazy\" title=\"CVJM Jugger Turnier 2025 - Trailer\" width=\"1200\" height=\"675\" src=\"https:\/\/www.youtube.com\/embed\/dzgC8D4eM-g?feature=oembed\" frameborder=\"0\" allow=\"accelerometer; autoplay; clipboard-write; encrypted-media; gyroscope; picture-in-picture; web-share\" referrerpolicy=\"strict-origin-when-cross-origin\" allowfullscreen><\/iframe>\n<\/div><figcaption class=\"wp-element-caption\">Spannend wird es wieder bei unserem j\u00e4hrlichen Jugger-Turnier in Bad Ems, zu dem sich gerne noch Kinder anmelden k\u00f6nnen, die mit dabei sein wollen!<\/figcaption><\/figure>\n\n\n\n<hr class=\"wp-block-separator has-alpha-channel-opacity\"\/>\n\n\n\n<h2>Einladung zur CVJM-Schiffstour am Freitag, den 27.06.2025<\/h2>\n\n\n\n<p>Herzlich laden wir zur diesj\u00e4hrigen Schifffahrt auf dem Rhein von Bacharach\/Kaub bis St. Goar und zur\u00fcck ein. Euch erwartet ein belebender Gottesdienst an Bord und auch f\u00fcr die Kinder gibt es ein ganz besonderes Kinder-Jungscharprogramm. Ideal f\u00fcr Familien aller Generationen! \ud83d\ude42<\/p>\n\n\n\n<div class=\"wp-block-file\"><object class=\"wp-block-file__embed\" data=\"https:\/\/cvjm-bornich.de\/wp-content\/uploads\/2025\/04\/Schiffstour-2025.pdf\" type=\"application\/pdf\" style=\"width:100%;height:600px\" aria-label=\"Einbettung von Schiffstour-2025.\"><\/object><a id=\"wp-block-file--media-4687e115-ff21-4bef-a1f5-cdcc72da4bb2\" href=\"https:\/\/cvjm-bornich.de\/wp-content\/uploads\/2025\/04\/Schiffstour-2025.pdf\">Schiffstour-2025<\/a><a href=\"https:\/\/cvjm-bornich.de\/wp-content\/uploads\/2025\/04\/Schiffstour-2025.pdf\" class=\"wp-block-file__button wp-element-button\" download aria-describedby=\"wp-block-file--media-4687e115-ff21-4bef-a1f5-cdcc72da4bb2\">Herunterladen<\/a><\/div>\n\n\n\n<hr class=\"wp-block-separator has-alpha-channel-opacity\"\/>\n\n\n\n<h2>Einladung zur Jahreshauptversammlung<\/h2>\n\n\n\n<p class=\"has-text-align-left\">Liebe Mitglieder im CVJM Bornich e.V.,<br>hiermit lade ich Euch ein zur Jahreshauptversammlung 2023<\/p>\n\n\n\n<h4 class=\"has-text-align-center\"><strong>am Donnerstag, 07. 09.2023 um 19:30 Uhr<br>im Gemeinderaum des Pfarrhauses<\/strong><\/h4>\n\n\n\n<p class=\"has-text-align-left\">Tagesordnung:<\/p>\n\n\n\n<ol>\n<li>Begr\u00fc\u00dfung<\/li>\n\n\n\n<li>Andacht<\/li>\n\n\n\n<li>Genehmigung des Protokolls der JHV 2022<\/li>\n\n\n\n<li>Berichte<br>\u2022 Vorsitzende<br>\u2022 Jungschar<br>\u2022 Kassenwart<br>\u2022 Kassenpr\u00fcfer<\/li>\n\n\n\n<li>Entlastung des Vorstandes<\/li>\n\n\n\n<li>Wahlen<br>\u2022 1. Vorsitzende\/r<br>\u2022 Kassenwart\/in<br>\u2022 Kassenpr\u00fcfer\/in<br>\u2022 Kreisvertreter\/in<\/li>\n\n\n\n<li>Planungen und Verschiedenes<\/li>\n<\/ol>\n\n\n\n<p>Hinweis:<br>Der j\u00e4hrliche Mitgliedsbeitrag wurde zum 15. Mai 2023 per SEPA-Lastschrift unter der Gl\u00e4ubiger-ID: DE11ZZZ00000203277 eingezogen, dies erfolgt auch im n\u00e4chsten Jahr zum 15. Mai 2024.<\/p>\n\n\n\n<p><br>Ich gr\u00fc\u00dfe Euch herzlich mit Josua 1,9:<strong> Ich sage dir noch einmal: Sei mutig und entschlossen! Hab keine Angst und lass dich durch nichts erschrecken; denn ich, der Herr, dein Gott, bin bei dir, wohin du auch gehst!<\/strong><\/p>\n\n\n\n<p>Regina Br\u00fcckner, 1. Vorsitzende<\/p>\n\n\n\n<hr class=\"wp-block-separator has-alpha-channel-opacity\"\/>\n\n\n\n<h2><strong>110-j\u00e4hriges Jubil\u00e4um des CVJM Bornich<\/strong><\/h2>\n\n\n\n<div class=\"is-layout-flex wp-container-8 wp-block-columns\">\n<div class=\"is-layout-flow wp-block-column\">\n<figure class=\"wp-block-image size-large is-resized\"><img decoding=\"async\" loading=\"lazy\" src=\"https:\/\/cvjm-bornich.de\/wp-content\/uploads\/2023\/03\/110_Jahre_01-724x1024.png\" alt=\"\" class=\"wp-image-348\" width=\"344\" height=\"486\" srcset=\"https:\/\/cvjm-bornich.de\/wp-content\/uploads\/2023\/03\/110_Jahre_01-724x1024.png 724w, https:\/\/cvjm-bornich.de\/wp-content\/uploads\/2023\/03\/110_Jahre_01-212x300.png 212w, https:\/\/cvjm-bornich.de\/wp-content\/uploads\/2023\/03\/110_Jahre_01-768x1086.png 768w, https:\/\/cvjm-bornich.de\/wp-content\/uploads\/2023\/03\/110_Jahre_01-1086x1536.png 1086w, https:\/\/cvjm-bornich.de\/wp-content\/uploads\/2023\/03\/110_Jahre_01-1448x2048.png 1448w\" sizes=\"(max-width: 344px) 100vw, 344px\" \/><\/figure>\n<\/div>\n\n\n\n<div class=\"is-layout-flow wp-block-column\">\n<p>Anl\u00e4sslich des 110-j\u00e4hrigen Jubil\u00e4ums feierte der CVJM Bornich am Sonntag, den 23. April 2023, einen Festgottesdienst in der evangelischen Kirche in Bornich.<\/p>\n\n\n\n<p>\u00dcber 80 kleine und gro\u00dfe Besucher, Mitglieder und Freunde des Vereins aus Bornich sowie aus dem gesamten Rhein-Lahn-Kreis versammelten sich im Gotteshaus. Mit dem Motto &#8218;Siehste!&#8216; griff der Gottesdienst die Jahreslosung 2023 auf: &#8222;Du bist ein Gott, der mich sieht&#8220;. Ein Musikteam und Bauchrednerpuppe Marvin pr\u00e4gten die besonders lebendige Atmosph\u00e4re. Als besonderer Gast war Katrin Lindner, Bundessekret\u00e4rin f\u00fcr die Arbeit mit Kindern im CVJM Westbund, aus Essen angereist. In ihrer Erz\u00e4hlpredigt ging es um Lotta, Jonas und Marie, womit sie anschaulich die alttestamentliche Geschichte von Hagar, Sara und Abraham aktualisierte: Gott sieht uns, auch wenn wir uns missachtet und nicht angesehen f\u00fchlen. Er nimmt auch unser Inneres wahr und er liebt uns umfassend.<\/p>\n<\/div>\n<\/div>\n\n\n\n<p>Feierlich wurden im Gottesdienst auch langj\u00e4hrige Mitglieder f\u00fcr ihre Treue zum Verein geehrt. Dazu geh\u00f6ren Ernst-Otto Griesbach f\u00fcr 60 Jahre, Christian Becker und Thorsten Ringel f\u00fcr 30 Jahre und Judith Br\u00fcckner, Rahel Br\u00fcckner, Thomas Hartmann, Jonathan R\u00f6mer und Martin Schlue f\u00fcr 25 Jahre. Dank und Anerkennung sprach die Vorsitzende zwei abgel\u00f6sten Vorstandsmitgliedern (Anna Schmidt und Anette Hartmann) aus, f\u00fcr ihre Nachfolger (Rahel Br\u00fcckner und Tobias Hartmann) und die beiden Jungscharleiter (Christian Becker und Melanie R\u00f6sch) wurde ein Segen gesprochen.<\/p>\n\n\n\n<p>Im Anschluss an den Gottesdienst lud der CVJM Bornich die Festg\u00e4ste zum Mittagessen ein, was auch von vielen gerne angenommen wurde. F\u00fcr die Kinder boten die Jungscharleiter eine spannende Fotorallye in der Dorfmitte an. Viele verbrachten auch noch den Sonntagmittag bei angenehmen Temperaturen vor der Kirche mit guten Gespr\u00e4chen, Spiel und Spa\u00df. Bei Kaffee, Tee, Kuchen und Slush-Eis klang die Veranstaltung gem\u00fctlich aus.<\/p>\n\n\n\n<p class=\"has-text-align-right\">Bericht: Regina Br\u00fcckner, 1. Vorsitzende<\/p>\n\n\n\n<hr class=\"wp-block-separator has-alpha-channel-opacity\"\/>\n\n\n<div class=\"wp-block-image\">\n<figure class=\"aligncenter size-large is-resized\"><img decoding=\"async\" loading=\"lazy\" src=\"https:\/\/cvjm-bornich.de\/wp-content\/uploads\/2023\/02\/FLYER-Freizeiten-2023-cover-469x1024.jpg\" alt=\"\" class=\"wp-image-343\" width=\"280\" height=\"611\" srcset=\"https:\/\/cvjm-bornich.de\/wp-content\/uploads\/2023\/02\/FLYER-Freizeiten-2023-cover-469x1024.jpg 469w, https:\/\/cvjm-bornich.de\/wp-content\/uploads\/2023\/02\/FLYER-Freizeiten-2023-cover-137x300.jpg 137w, https:\/\/cvjm-bornich.de\/wp-content\/uploads\/2023\/02\/FLYER-Freizeiten-2023-cover.jpg 500w\" sizes=\"(max-width: 280px) 100vw, 280px\" \/><figcaption class=\"wp-element-caption\">Das neue Freizeitprospekt 2023 ist nun endlich verf\u00fcgbar. <a href=\"https:\/\/cvjm-bornich.de\/wp-content\/uploads\/2023\/02\/CVJM-Rhein-Lahn-Freizeitflyer-2023.pdf\" data-type=\"attachment\" data-id=\"345\" target=\"_blank\" rel=\"noreferrer noopener\">HIER KLICKEN<\/a><\/figcaption><\/figure><\/div>\n\n\n<hr class=\"wp-block-separator has-css-opacity\"\/>\n\n\n\n<h2>CVJM hilft<\/h2>\n\n\n\n<p>Wir sammeln Spenden und unterst\u00fctzen damit die Betroffenen des Krieges in der Ukraine.<\/p>\n\n\n\n<figure class=\"wp-block-image alignwide size-large\"><a href=\"http:\/\/www.cvjm.de\/spenden-ukraine?fbclid=IwAR3x2zGVVJm548mhGvHQCC1zuwnMU4M4etXppEpyqbujwP9z--Y-49v50Ak\"><img decoding=\"async\" loading=\"lazy\" width=\"1024\" height=\"373\" src=\"https:\/\/cvjm-bornich.de\/wp-content\/uploads\/2022\/03\/Ukraine_CVJM_hilft_Klik_Slider-1024x373.png\" alt=\"\" class=\"wp-image-276\" srcset=\"https:\/\/cvjm-bornich.de\/wp-content\/uploads\/2022\/03\/Ukraine_CVJM_hilft_Klik_Slider-1024x373.png 1024w, https:\/\/cvjm-bornich.de\/wp-content\/uploads\/2022\/03\/Ukraine_CVJM_hilft_Klik_Slider-300x109.png 300w, https:\/\/cvjm-bornich.de\/wp-content\/uploads\/2022\/03\/Ukraine_CVJM_hilft_Klik_Slider-768x280.png 768w, https:\/\/cvjm-bornich.de\/wp-content\/uploads\/2022\/03\/Ukraine_CVJM_hilft_Klik_Slider-1536x559.png 1536w, https:\/\/cvjm-bornich.de\/wp-content\/uploads\/2022\/03\/Ukraine_CVJM_hilft_Klik_Slider.png 1950w\" sizes=\"(max-width: 1024px) 100vw, 1024px\" \/><\/a><\/figure>\n\n\n\n<p>YMCA gibt es auch in der Ukraine, Moldawien, Rum\u00e4nien und vielen anderen L\u00e4ndern Osteuropas.<br>Wir verstehen uns alle als Geschwister, suchen Einheit, leben Solidarit\u00e4t, unterst\u00fctzen wo wir k\u00f6nnen. Gerade weil dieses Netzwerk so stark und etabliert ist, k\u00f6nnen wir zielgerichtet helfen. Zum Beispiel den YMCAs in Rum\u00e4nien und Moldawien, die Gefl\u00fcchteten helfen.<br>Mehr Infos auf <a href=\"http:\/\/www.cvjm.de\/spenden-ukraine?fbclid=IwAR3x2zGVVJm548mhGvHQCC1zuwnMU4M4etXppEpyqbujwP9z--Y-49v50Ak\" target=\"_blank\" rel=\"noreferrer noopener\">www.cvjm.de\/spenden-ukraine<\/a><\/p>\n\n\n\n<hr class=\"wp-block-separator has-css-opacity\"\/>\n\n\n\n<p><\/p>\n\n\n\n<p><\/p>\n","protected":false},"excerpt":{"rendered":"<p>Herzlich Willkommen auf der Website des CVJM Bornich e. V. Was wir machen&#8230; Der CVJM Bornich bietet verschiedene Gruppenstunden an. Wer wir sind&#8230; Wir sind ein christlicher Verein in der Loreleygemeinde Bornich. Jahreshauptversammlung 2025 Liebe Mitglieder im CVJM Bornich e.V., liebe Angeh\u00f6rige und Freunde, hiermit lade ich Euch ein zur Mitglieder- und Jahreshauptversammlung 2025 mit &#8230; <a title=\"Startseite\" class=\"read-more\" href=\"https:\/\/cvjm-bornich.de\/\" aria-label=\"Mehr dazu unter Startseite\">Weiterlesen<\/a><\/p>\n","protected":false},"author":1,"featured_media":0,"parent":0,"menu_order":0,"comment_status":"closed","ping_status":"closed","template":"","meta":[],"_links":{"self":[{"href":"https:\/\/cvjm-bornich.de\/index.php?rest_route=\/wp\/v2\/pages\/2"}],"collection":[{"href":"https:\/\/cvjm-bornich.de\/index.php?rest_route=\/wp\/v2\/pages"}],"about":[{"href":"https:\/\/cvjm-bornich.de\/index.php?rest_route=\/wp\/v2\/types\/page"}],"author":[{"embeddable":true,"href":"https:\/\/cvjm-bornich.de\/index.php?rest_route=\/wp\/v2\/users\/1"}],"replies":[{"embeddable":true,"href":"https:\/\/cvjm-bornich.de\/index.php?rest_route=%2Fwp%2Fv2%2Fcomments&post=2"}],"version-history":[{"count":79,"href":"https:\/\/cvjm-bornich.de\/index.php?rest_route=\/wp\/v2\/pages\/2\/revisions"}],"predecessor-version":[{"id":426,"href":"https:\/\/cvjm-bornich.de\/index.php?rest_route=\/wp\/v2\/pages\/2\/revisions\/426"}],"wp:attachment":[{"href":"https:\/\/cvjm-bornich.de\/index.php?rest_route=%2Fwp%2Fv2%2Fmedia&parent=2"}],"curies":[{"name":"wp","href":"https:\/\/api.w.org\/{rel}","templated":true}]}}